24?
True
Does 8 divide 36939448?
True
Does 14844 divide 3888400644?
True
Does 1596 divide 14205994?
False
Is 2313624 a multiple of 4?
True
Is 41427075 a multiple of 1021?
True
Is 3186 a factor of 100158282?
True
Does 36 divide 34774074?
False
Is 802233097 a multiple of 512?
False
Is 58058832 a multiple of 208?
True
Is 408915696 a multiple of 12?
True
Does 443 divide 634352355?
False
Is 120 a factor of 102340320?
True
Does 158 divide 101936702?
True
Is 4070611 a multiple of 9?
False
Is 355154543 a multiple of 14?
False
Is 178290000 a multiple of 35?
True
Is 1417 a factor of 112506661?
False
Does 5586 divide 2897767467?
False
Is 18205978 a multiple of 7?
True
Does 8 divide 3640808?
True
Is 27 a factor of 542172075?
False
Is 11277870 a multiple of 530?
True
Is 890 a factor of 12432563?
False
Does 8081 divide 1060550440?
True
Is 547 a factor of 415054848?
True
Is 432 a factor of 116670474?
False
Is 2383710702 a multiple of 283?
False
Does 174 divide 165143884?
False
Is 33 a factor of 828102?
True
Does 190 divide 185815630?
True
Is 65 a factor of 30605407?
False
Is 3 a factor of 5510157?
True
Is 136150295 a multiple of 2?
False
Is 67 a factor of 4383774691?
True
Does 93 divide 18484632?
False
Is 97 a factor of 192303?
False
Is 38 a factor of 2493218?
True
Does 1832 divide 25841336?
False
Is 36 a factor of 786993544?
False
Is 79 a factor of 1333965007?
True
Is 38 a factor of 2349857224?
True
Is 274016297 a multiple of 18?
False
Is 353568121 a multiple of 61?
False
Does 2876 divide 2123652780?
True
Does 38 divide 97952266?
False
Is 20 a factor of 10413440?
True
Is 21 a factor of 289581081?
False
Does 541 divide 42475037?
False
Does 2061 divide 367344396?
True
Is 11845451 a multiple of 144?
False
Does 9 divide 2649758606?
False
Is 38734643 a multiple of 1749?
False
Is 191 a factor of 28254439?
True
Is 1437 a factor of 202404324?
True
Is 14 a factor of 2813276265?
False
Is 6256670 a multiple of 70?
True
Is 1194 a factor of 1019430124?
False
Is 160 a factor of 58972320?
True
Is 33521472 a multiple of 38?
True
Is 36 a factor of 9144360?
True
Does 1811 divide 44038087?
True
Is 14557342 a multiple of 48?
False
Is 392288000 a multiple of 3680?
True
Does 4342 divide 235284296?
True
Is 264936 a multiple of 13?
False
Does 6844 divide 2840726725?
False
Does 417 divide 4641686214?
True
Does 39 divide 9435114?
True
Is 75 a factor of 2206233959?
False
Is 956 a factor of 1254119040?
True
Is 11 a factor of 747380561?
False
Is 180 a factor of 32356620?
True
Is 95 a factor of 74978940?
True
Is 106 a factor of 37895636?
True
Does 174 divide 5148312?
True
Is 4571 a factor of 1019954656?
True
Is 454 a factor of 732459740?
False
Is 41 a factor of 3695012988?
True
Does 59 divide 41126940?
False
Is 20 a factor of 1249836006?
False
Is 8 a factor of 32998836?
False
Is 213826450 a multiple of 50?
True
Does 113 divide 43471552?
True
Is 1668704400 a multiple of 360?
True
Is 65 a factor of 129318800?
True
Is 56 a factor of 238962696?
True
Is 4476119150 a multiple of 10?
True
Does 32 divide 10778606?
False
Is 19 a factor of 15105285?
True
Is 288094284 a multiple of 93?
True
Does 1088 divide 17623424?
True
Is 45986691 a multiple of 3?
True
Does 167 divide 513605828?
True
Is 6077896 a multiple of 28?
False
Is 155 a factor of 2665225?
True
Does 14 divide 44896012?
True
Is 1946227300 a multiple of 25?
True
Is 32 a factor of 1193496576?
True
Is 28447248 a multiple of 4?
True
Does 226 divide 3699219?
False
Is 36 a factor of 6501384?
True
Is 53355883 a multiple of 287?
True
Does 3887 divide 124139119?
True
Is 26 a factor of 398268442?
True
Is 8 a factor of 5862288?
True
Does 9789 divide 1615031259?
False
Does 9 divide 16304609?
False
Does 32 divide 1029749152?
True
Does 1151 divide 309458821?
False
Does 7 divide 1717760?
False
Is 20 a factor of 235726603?
False
Does 30 divide 64818330?
True
Is 59604347 a multiple of 439?
True
Does 28 divide 281954232?
True
Does 981 divide 602650493?
False
Is 83 a factor of 38680905?
True
Does 965 divide 179105930?
True
Does 137 divide 119190202?
False
Is 11 a factor of 12910568?
True
Is 152 a factor of 128817416?
True
Is 195 a factor of 13601915?
False
Is 12 a factor of 186210012?
True
Is 79 a factor of 99748041?
False
Does 201 divide 31919001?
True
Is 29 a factor of 4573961923?
False
Is 318460770 a multiple of 9?
True
Is 108 a factor of 321852793?
False
Is 64 a factor of 5808428?
False
Does 23 divide 56008220?
True
Is 1474 a factor of 2296632030?
True
Does 10 divide 20709960?
True
Does 24 divide 2253585408?
True
Is 346444533 a multiple of 75?
False
Does 479 divide 244068573?
False
Is 935994196 a multiple of 1366?
False
Is 65 a factor of 4667123?
False
Does 26 divide 943618?
True
Is 25 a factor of 19552875?
True
Is 1198 a factor of 172925817?
False
Is 1691 a factor of 38050882?
True
Is 1809 a factor of 9158967?
True
Is 140140270 a multiple of 34?
False
Is 2871350587 a multiple of 191?
False
Does 4 divide 617561215?
False
Does 1389 divide 17934768?
True
Is 3472743120 a multiple of 110?
True
Is 335898049 a multiple of 1081?
True
Is 136404510 a multiple of 363?
True
Is 1875 a factor of 226888836?
False
Is 899 a factor of 26255886?
False
Does 53 divide 13589200?
True
Does 18 divide 724260564?
True
Is 334 a factor of 33009072?
False
Is 10713288 a multiple of 24?
True
Does 476 divide 95572708?
True
Is 120 a factor of 86004120?
True
Does 15 divide 1851280?
False
Is 461 a factor of 2219254?
True
Does 497 divide 35453499?
False
Does 4 divide 2628108?
True
Does 25 divide 1800079600?
True
Is 14 a factor of 211476860?
True
Is 6 a factor of 44449548?
True
Does 150 divide 66080254?
False
Is 397 a factor of 1146688687?
False
Is 88516385 a multiple of 473?
False
Is 31741240 a multiple of 2036?
True
Is 4 a factor of 167860632?
True
Is 20 a factor of 146072380?
True
Is 13 a factor of 71094959?
True
Is 6 a factor of 6061838?
False
Is 637920536 a multiple of 2792?
False
Does 161 divide 63018901?
False
Does 4 divide 174178677?
False
Does 257 divide 179610618?
True
Is 2524 a factor of 123990601?
False
Is 48033040 a multiple of 880?
True
Is 2116 a factor of 625385916?
True
Is 66 a factor of 3140371?
False
Is 117346140 a multiple of 86?
True
Is 760 a factor of 16906960?
True
Does 1006 divide 153589038?
True
Is 83 a factor of 96685372?
True
Is 72 a factor of 1751404823?
False
Does 25 divide 54738450?
True
Is 156712975 a multiple of 188?
False
Does 19 divide 26639387?
True
Does 1195 divide 10929470?
True
Does 5365 divide 3550369225?
True
Is 2290940400 a multiple of 4080?
True
Does 9 divide 45623710?
False
Does 678 divide 1048330380?
True
Is 248 a factor of 281875774?
False
Is 12421500 a multiple of 300?
True
Is 533795061 a multiple of 1948?
False
Is 600 a factor of 9142559?
False
Is 15 a factor of 21599715?
True
Is 22 a factor of 928890?
False
Does 13 divide 287871740?
True
Is 2763323821 a multiple of 1359?
False
Does 14 divide 675106555?
False
Is 21419580 a multiple of 1092?
True
Is 4037998096 a multiple of 88?
True
Is 407360 a multiple of 76?
True
Is 299 a factor of 7917958?
False
Is 106859844 a multiple of 131?
True
Does 4 divide 41950836?
True
Does 8 divide 51982374?
False
Is 13 a factor of 704619?
False
Is 46 a factor of 478344028?
False
Is 157 a factor of 49600800?
False
Is 451140336 a multiple of 522?
False
Is 217269408 a multiple of 1824?
True
Does 39 divide 1519227887?
False
Is 673697980 a multiple of 194?
True
Does 885 divide 352779585?
True
Is 528 a factor of 963874657?
False
Is 6892602 a multiple of 1500?
False
Does 14 divide 29804286?
False
Is 1275 a factor of 8537400?
True
Does 200 divide 758847600?
True
Is 9 a factor of 607063581?
True
Is 801 a factor of 774075186?
True
Is 54 a factor of 149642728?
False
Is 97775852 a multiple of 106?
False
Is 2682 a factor of 237000480?
False
Does 561 divide 34942697?
False
Is 28243639 a multiple of 500?
False
Does 179 divide 9327242?
False
Does 656 divide 87724256?
True
Does 172 divide 793866688?
True
Does 29 divide 1045565246?
True
Does 3 divide 120651568?
False
Is 39096911 a multiple of 7?
True
Is 10 a factor of 29361962?
False
Does 9504 divide 4310692521?
False
Does 15 divide 62985?
True
Is 11 a factor of 16745571?
False
Is 19 a factor of 1338394813?
False
Is 3858012 even?
True
Is 424 a factor of 694217744?
True
Is 821503